{"id":1473,"date":"2019-09-10T11:35:51","date_gmt":"2019-09-10T09:35:51","guid":{"rendered":"http:\/\/www.gruber-stahl.eu\/?page_id=1473"},"modified":"2020-07-07T17:51:49","modified_gmt":"2020-07-07T15:51:49","slug":"a-quoi-sert-une-agence-de-communication-franco-allemande","status":"publish","type":"page","link":"https:\/\/www.gruber-stahl.eu\/?page_id=1473","title":{"rendered":"A quoi sert une agence de communication franco-allemande ?"},"content":{"rendered":"\n\t\t<style>\n\t\t\t#gallery-1 {\n\t\t\t\tmargin: auto;\n\t\t\t}\n\t\t\t#gallery-1 .gallery-item {\n\t\t\t\tfloat: left;\n\t\t\t\tmargin-top: 10px;\n\t\t\t\ttext-align: center;\n\t\t\t\twidth: 16%;\n\t\t\t}\n\t\t\t#gallery-1 img {\n\t\t\t\tborder: 2px solid #cfcfcf;\n\t\t\t}\n\t\t\t#gallery-1 .gallery-caption {\n\t\t\t\tmargin-left: 0;\n\t\t\t}\n\t\t\t\/* see gallery_shortcode() in wp-includes\/media.php *\/\n\t\t<\/style>\n\t\t<div id='gallery-1' class='gallery galleryid-1473 gallery-columns-6 gallery-size-thumbnail'><dl class='gallery-item'>\n\t\t\t<dt class='gallery-icon landscape'>\n\t\t\t\t<a href='https:\/\/www.gruber-stahl.eu\/?attachment_id=1460'><img loading=\"lazy\" decoding=\"async\" width=\"150\" height=\"150\" src=\"https:\/\/www.gruber-stahl.eu\/wp-content\/uploads\/2019\/09\/DSC_0515_Ventoux-150x150.jpg\" class=\"attachment-thumbnail size-thumbnail\" alt=\"\" srcset=\"https:\/\/www.gruber-stahl.eu\/wp-content\/uploads\/2019\/09\/DSC_0515_Ventoux-150x150.jpg 150w, https:\/\/www.gruber-stahl.eu\/wp-content\/uploads\/2019\/09\/DSC_0515_Ventoux-160x160.jpg 160w, https:\/\/www.gruber-stahl.eu\/wp-content\/uploads\/2019\/09\/DSC_0515_Ventoux-320x320.jpg 320w\" sizes=\"(max-width: 150px) 100vw, 150px\" \/><\/a>\n\t\t\t<\/dt><\/dl><dl class='gallery-item'>\n\t\t\t<dt class='gallery-icon landscape'>\n\t\t\t\t<a href='https:\/\/www.gruber-stahl.eu\/?attachment_id=1463'><img loading=\"lazy\" decoding=\"async\" width=\"150\" height=\"150\" src=\"https:\/\/www.gruber-stahl.eu\/wp-content\/uploads\/2019\/09\/IMG_2742-150x150.jpg\" class=\"attachment-thumbnail size-thumbnail\" alt=\"\" srcset=\"https:\/\/www.gruber-stahl.eu\/wp-content\/uploads\/2019\/09\/IMG_2742-150x150.jpg 150w, https:\/\/www.gruber-stahl.eu\/wp-content\/uploads\/2019\/09\/IMG_2742-160x160.jpg 160w, https:\/\/www.gruber-stahl.eu\/wp-content\/uploads\/2019\/09\/IMG_2742-320x320.jpg 320w\" sizes=\"(max-width: 150px) 100vw, 150px\" \/><\/a>\n\t\t\t<\/dt><\/dl><dl class='gallery-item'>\n\t\t\t<dt class='gallery-icon landscape'>\n\t\t\t\t<a href='https:\/\/www.gruber-stahl.eu\/?attachment_id=1457'><img loading=\"lazy\" decoding=\"async\" width=\"150\" height=\"150\" src=\"https:\/\/www.gruber-stahl.eu\/wp-content\/uploads\/2019\/09\/DSC_0204_Papstpalast-150x150.jpg\" class=\"attachment-thumbnail size-thumbnail\" alt=\"\" srcset=\"https:\/\/www.gruber-stahl.eu\/wp-content\/uploads\/2019\/09\/DSC_0204_Papstpalast-150x150.jpg 150w, https:\/\/www.gruber-stahl.eu\/wp-content\/uploads\/2019\/09\/DSC_0204_Papstpalast-160x160.jpg 160w, https:\/\/www.gruber-stahl.eu\/wp-content\/uploads\/2019\/09\/DSC_0204_Papstpalast-320x320.jpg 320w\" sizes=\"(max-width: 150px) 100vw, 150px\" \/><\/a>\n\t\t\t<\/dt><\/dl><dl class='gallery-item'>\n\t\t\t<dt class='gallery-icon landscape'>\n\t\t\t\t<a href='https:\/\/www.gruber-stahl.eu\/?attachment_id=1459'><img loading=\"lazy\" decoding=\"async\" width=\"150\" height=\"150\" src=\"https:\/\/www.gruber-stahl.eu\/wp-content\/uploads\/2019\/09\/DSC_0299-150x150.jpg\" class=\"attachment-thumbnail size-thumbnail\" alt=\"\" srcset=\"https:\/\/www.gruber-stahl.eu\/wp-content\/uploads\/2019\/09\/DSC_0299-150x150.jpg 150w, https:\/\/www.gruber-stahl.eu\/wp-content\/uploads\/2019\/09\/DSC_0299-160x160.jpg 160w, https:\/\/www.gruber-stahl.eu\/wp-content\/uploads\/2019\/09\/DSC_0299-320x320.jpg 320w\" sizes=\"(max-width: 150px) 100vw, 150px\" \/><\/a>\n\t\t\t<\/dt><\/dl><dl class='gallery-item'>\n\t\t\t<dt class='gallery-icon portrait'>\n\t\t\t\t<a href='https:\/\/www.gruber-stahl.eu\/?attachment_id=1461'><img loading=\"lazy\" decoding=\"async\" width=\"150\" height=\"150\" src=\"https:\/\/www.gruber-stahl.eu\/wp-content\/uploads\/2019\/09\/DSCN0405-150x150.jpg\" class=\"attachment-thumbnail size-thumbnail\" alt=\"\" srcset=\"https:\/\/www.gruber-stahl.eu\/wp-content\/uploads\/2019\/09\/DSCN0405-150x150.jpg 150w, https:\/\/www.gruber-stahl.eu\/wp-content\/uploads\/2019\/09\/DSCN0405-160x160.jpg 160w, https:\/\/www.gruber-stahl.eu\/wp-content\/uploads\/2019\/09\/DSCN0405-320x320.jpg 320w\" sizes=\"(max-width: 150px) 100vw, 150px\" \/><\/a>\n\t\t\t<\/dt><\/dl><dl class='gallery-item'>\n\t\t\t<dt class='gallery-icon landscape'>\n\t\t\t\t<a href='https:\/\/www.gruber-stahl.eu\/?attachment_id=1455'><img loading=\"lazy\" decoding=\"async\" width=\"150\" height=\"150\" src=\"https:\/\/www.gruber-stahl.eu\/wp-content\/uploads\/2019\/09\/DSC_0222-1-150x150.jpg\" class=\"attachment-thumbnail size-thumbnail\" alt=\"\" srcset=\"https:\/\/www.gruber-stahl.eu\/wp-content\/uploads\/2019\/09\/DSC_0222-1-150x150.jpg 150w, https:\/\/www.gruber-stahl.eu\/wp-content\/uploads\/2019\/09\/DSC_0222-1-160x160.jpg 160w, https:\/\/www.gruber-stahl.eu\/wp-content\/uploads\/2019\/09\/DSC_0222-1-320x320.jpg 320w\" sizes=\"(max-width: 150px) 100vw, 150px\" \/><\/a>\n\t\t\t<\/dt><\/dl><br style=\"clear: both\" \/>\n\t\t<\/div>\n\n<p>&nbsp;<\/p>\n<h3 style=\"text-align: center;\"><strong>\u201c<em>On ne voit bien qu&#8217;avec le c\u0153ur<\/em>\u201d, dit le Petit Prince. <\/strong><\/h3>\n<p style=\"text-align: center;\">C\u2019est exactement ce que je ressens lors de mes nombreux voyages effectu\u00e9s dans les diff\u00e9rentes r\u00e9gions de France.<\/p>\n<p style=\"text-align: center;\">Je suis convaincue que celui qui parle la langue du pays dispose d&#8217;un atout fort pour faire connaissance avec les habitants, leur culture et leur mode de vie.<\/p>\n<p style=\"text-align: center;\">C\u2019est cette connaissance qui fait la diff\u00e9rence dans mon approche professionnelle pour concevoir des actions de communication destin\u00e9es \u00e0 promouvoir votre r\u00e9gion ou vos produits en Allemagne.<\/p>\n<p style=\"text-align: center;\">Pour attirer vos futurs clients allemands, appuyez vous sur mes racines culturelles, ma langue maternelle allemande et mon <strong><a href=\"https:\/\/www.gruber-stahl.eu\/?page_id=687\">exp\u00e9rience<\/a><\/strong> dans le domaine de la communication et des relations presse !<\/p>\n<p style=\"text-align: center;\">A bient\u00f4t !<\/p>\n<p style=\"text-align: center;\"><strong><a href=\"https:\/\/www.gruber-stahl.eu\/?page_id=589\">Contact<\/a><\/strong><\/p>\n<p>&nbsp;<\/p>\n\n\t\t<style>\n\t\t\t#gallery-2 {\n\t\t\t\tmargin: auto;\n\t\t\t}\n\t\t\t#gallery-2 .gallery-item {\n\t\t\t\tfloat: left;\n\t\t\t\tmargin-top: 10px;\n\t\t\t\ttext-align: center;\n\t\t\t\twidth: 16%;\n\t\t\t}\n\t\t\t#gallery-2 img {\n\t\t\t\tborder: 2px solid #cfcfcf;\n\t\t\t}\n\t\t\t#gallery-2 .gallery-caption {\n\t\t\t\tmargin-left: 0;\n\t\t\t}\n\t\t\t\/* see gallery_shortcode() in wp-includes\/media.php *\/\n\t\t<\/style>\n\t\t<div id='gallery-2' class='gallery galleryid-1473 gallery-columns-6 gallery-size-thumbnail'><dl class='gallery-item'>\n\t\t\t<dt class='gallery-icon landscape'>\n\t\t\t\t<a href='https:\/\/www.gruber-stahl.eu\/?attachment_id=1464'><img loading=\"lazy\" decoding=\"async\" width=\"150\" height=\"150\" src=\"https:\/\/www.gruber-stahl.eu\/wp-content\/uploads\/2019\/09\/IMG_4728-150x150.jpg\" class=\"attachment-thumbnail size-thumbnail\" alt=\"\" srcset=\"https:\/\/www.gruber-stahl.eu\/wp-content\/uploads\/2019\/09\/IMG_4728-150x150.jpg 150w, https:\/\/www.gruber-stahl.eu\/wp-content\/uploads\/2019\/09\/IMG_4728-160x160.jpg 160w, https:\/\/www.gruber-stahl.eu\/wp-content\/uploads\/2019\/09\/IMG_4728-320x320.jpg 320w\" sizes=\"(max-width: 150px) 100vw, 150px\" \/><\/a>\n\t\t\t<\/dt><\/dl><dl class='gallery-item'>\n\t\t\t<dt class='gallery-icon portrait'>\n\t\t\t\t<a href='https:\/\/www.gruber-stahl.eu\/?attachment_id=1462'><img loading=\"lazy\" decoding=\"async\" width=\"150\" height=\"150\" src=\"https:\/\/www.gruber-stahl.eu\/wp-content\/uploads\/2019\/09\/DSCN3998-150x150.jpg\" class=\"attachment-thumbnail size-thumbnail\" alt=\"\" srcset=\"https:\/\/www.gruber-stahl.eu\/wp-content\/uploads\/2019\/09\/DSCN3998-150x150.jpg 150w, https:\/\/www.gruber-stahl.eu\/wp-content\/uploads\/2019\/09\/DSCN3998-160x160.jpg 160w, https:\/\/www.gruber-stahl.eu\/wp-content\/uploads\/2019\/09\/DSCN3998-320x320.jpg 320w\" sizes=\"(max-width: 150px) 100vw, 150px\" \/><\/a>\n\t\t\t<\/dt><\/dl><dl class='gallery-item'>\n\t\t\t<dt class='gallery-icon landscape'>\n\t\t\t\t<a href='https:\/\/www.gruber-stahl.eu\/?attachment_id=1458'><img loading=\"lazy\" decoding=\"async\" width=\"150\" height=\"150\" src=\"https:\/\/www.gruber-stahl.eu\/wp-content\/uploads\/2019\/09\/DSC_0296-1-150x150.jpg\" class=\"attachment-thumbnail size-thumbnail\" alt=\"\" srcset=\"https:\/\/www.gruber-stahl.eu\/wp-content\/uploads\/2019\/09\/DSC_0296-1-150x150.jpg 150w, https:\/\/www.gruber-stahl.eu\/wp-content\/uploads\/2019\/09\/DSC_0296-1-160x160.jpg 160w, https:\/\/www.gruber-stahl.eu\/wp-content\/uploads\/2019\/09\/DSC_0296-1-320x320.jpg 320w\" sizes=\"(max-width: 150px) 100vw, 150px\" \/><\/a>\n\t\t\t<\/dt><\/dl><dl class='gallery-item'>\n\t\t\t<dt class='gallery-icon landscape'>\n\t\t\t\t<a href='https:\/\/www.gruber-stahl.eu\/?attachment_id=1141'><img loading=\"lazy\" decoding=\"async\" width=\"150\" height=\"150\" src=\"https:\/\/www.gruber-stahl.eu\/wp-content\/uploads\/2018\/07\/DSCN6200-150x150.jpg\" class=\"attachment-thumbnail size-thumbnail\" alt=\"\" srcset=\"https:\/\/www.gruber-stahl.eu\/wp-content\/uploads\/2018\/07\/DSCN6200-150x150.jpg 150w, https:\/\/www.gruber-stahl.eu\/wp-content\/uploads\/2018\/07\/DSCN6200-160x160.jpg 160w, https:\/\/www.gruber-stahl.eu\/wp-content\/uploads\/2018\/07\/DSCN6200-320x320.jpg 320w\" sizes=\"(max-width: 150px) 100vw, 150px\" \/><\/a>\n\t\t\t<\/dt><\/dl><dl class='gallery-item'>\n\t\t\t<dt class='gallery-icon landscape'>\n\t\t\t\t<a href='https:\/\/www.gruber-stahl.eu\/?attachment_id=814'><img loading=\"lazy\" decoding=\"async\" width=\"150\" height=\"150\" src=\"https:\/\/www.gruber-stahl.eu\/wp-content\/uploads\/2015\/02\/DSCN0769-150x150.jpg\" class=\"attachment-thumbnail size-thumbnail\" alt=\"\" \/><\/a>\n\t\t\t<\/dt><\/dl><dl class='gallery-item'>\n\t\t\t<dt class='gallery-icon landscape'>\n\t\t\t\t<a href='https:\/\/www.gruber-stahl.eu\/?attachment_id=1465'><img loading=\"lazy\" decoding=\"async\" width=\"150\" height=\"150\" src=\"https:\/\/www.gruber-stahl.eu\/wp-content\/uploads\/2019\/09\/IMG_4848-150x150.jpg\" class=\"attachment-thumbnail size-thumbnail\" alt=\"\" srcset=\"https:\/\/www.gruber-stahl.eu\/wp-content\/uploads\/2019\/09\/IMG_4848-150x150.jpg 150w, https:\/\/www.gruber-stahl.eu\/wp-content\/uploads\/2019\/09\/IMG_4848-160x160.jpg 160w, https:\/\/www.gruber-stahl.eu\/wp-content\/uploads\/2019\/09\/IMG_4848-320x320.jpg 320w\" sizes=\"(max-width: 150px) 100vw, 150px\" \/><\/a>\n\t\t\t<\/dt><\/dl><br style=\"clear: both\" \/>\n\t\t<\/div>\n\n","protected":false},"excerpt":{"rendered":"<p>&nbsp; \u201cOn ne voit bien qu&#8217;avec le c\u0153ur\u201d, dit le Petit Prince. C\u2019est exactement ce que je ressens lors de mes nombreux voyages effectu\u00e9s dans les diff\u00e9rentes r\u00e9gions de France.&#46;&#46;&#46;<\/p>\n","protected":false},"author":11,"featured_media":0,"parent":0,"menu_order":0,"comment_status":"closed","ping_status":"closed","template":"","meta":{"_kadence_starter_templates_imported_post":false,"footnotes":""},"_links":{"self":[{"href":"https:\/\/www.gruber-stahl.eu\/index.php?rest_route=\/wp\/v2\/pages\/1473"}],"collection":[{"href":"https:\/\/www.gruber-stahl.eu\/index.php?rest_route=\/wp\/v2\/pages"}],"about":[{"href":"https:\/\/www.gruber-stahl.eu\/index.php?rest_route=\/wp\/v2\/types\/page"}],"author":[{"embeddable":true,"href":"https:\/\/www.gruber-stahl.eu\/index.php?rest_route=\/wp\/v2\/users\/11"}],"replies":[{"embeddable":true,"href":"https:\/\/www.gruber-stahl.eu\/index.php?rest_route=%2Fwp%2Fv2%2Fcomments&post=1473"}],"version-history":[{"count":13,"href":"https:\/\/www.gruber-stahl.eu\/index.php?rest_route=\/wp\/v2\/pages\/1473\/revisions"}],"predecessor-version":[{"id":1720,"href":"https:\/\/www.gruber-stahl.eu\/index.php?rest_route=\/wp\/v2\/pages\/1473\/revisions\/1720"}],"wp:attachment":[{"href":"https:\/\/www.gruber-stahl.eu\/index.php?rest_route=%2Fwp%2Fv2%2Fmedia&parent=1473"}],"curies":[{"name":"wp","href":"https:\/\/api.w.org\/{rel}","templated":true}]}}