{"id":1345,"date":"2019-05-23T11:27:33","date_gmt":"2019-05-23T09:27:33","guid":{"rendered":"http:\/\/www.gruber-stahl.eu\/?page_id=1345"},"modified":"2024-04-24T10:26:26","modified_gmt":"2024-04-24T08:26:26","slug":"service","status":"publish","type":"page","link":"https:\/\/www.gruber-stahl.eu\/?page_id=1345","title":{"rendered":"Mon offre"},"content":{"rendered":"<p style=\"text-align: center;\"><em><strong><img loading=\"lazy\" decoding=\"async\" class=\"aligncenter wp-image-1328\" src=\"https:\/\/www.gruber-stahl.eu\/wp-content\/uploads\/2019\/05\/flag-993627_1920-2-300x228.jpg\" alt=\"\" width=\"248\" height=\"188\" srcset=\"https:\/\/www.gruber-stahl.eu\/wp-content\/uploads\/2019\/05\/flag-993627_1920-2-300x228.jpg 300w, https:\/\/www.gruber-stahl.eu\/wp-content\/uploads\/2019\/05\/flag-993627_1920-2-768x583.jpg 768w, https:\/\/www.gruber-stahl.eu\/wp-content\/uploads\/2019\/05\/flag-993627_1920-2-1024x778.jpg 1024w, https:\/\/www.gruber-stahl.eu\/wp-content\/uploads\/2019\/05\/flag-993627_1920-2.jpg 1443w\" sizes=\"(max-width: 248px) 100vw, 248px\" \/><\/strong>Votre activit\u00e9 doit \u00eatre <strong>pr\u00e9sente<\/strong> dans les m\u00e9dias allemands mais vous ne disposez pas des comp\u00e9tences requises pour ce genre de communication ?<br \/>\n<\/em><\/p>\n<p style=\"text-align: center;\"><em><strong>J<\/strong><\/em><strong><em>e serais ravie de m&#8217;en charger pour vous !<\/em><br \/>\n<\/strong><em><br \/>\nLa r\u00e9ussite de votre communication avec l&#8217;Allemagne passe par<strong> comp\u00e9tence linguistique allemand professionelle<\/strong>, qui conna\u00eet vos publics, comprend la culture et ma\u00eetrise les diff\u00e9rents m\u00e9dias, classiques ou 2.0. <\/em><\/p>\n<p>&nbsp;<\/p>\n<hr \/>\n<p>&nbsp;<\/p>\n<h5><strong>\u00a0<\/strong>Comment est-ce que je peux vous aider \u00e0 attirer l&#8217;attention de votre client\u00e8le allemande ?<\/h5>\n<ul>\n<li>\n<div data-canvas-width=\"434.2346666666666\">Je<strong> r\u00e9dige les informations clients et de presse <\/strong>qui seront lus avec<strong> grand int\u00e9r\u00eat<\/strong> par leurs destinataires allemands, ce sous<\/div>\n<div data-canvas-width=\"344.8639999999999\">forme concise, attrayante et de qualit\u00e9.<\/div>\n<\/li>\n<li>Par exemple pour des <strong>communiqu\u00e9s et des dossiers de presse<\/strong>, des <strong>textes blog, mailings<\/strong> ou <strong>commentaires<\/strong> sur les r\u00e9seaux sociaux.<\/li>\n<li>Si vous souhaitez publier un document que vous avez <strong>d\u00e9j\u00e0 r\u00e9dig\u00e9 en allemand<\/strong> , mais vous n\u2019\u00eates pas s\u00fbr de la traduction\n<div class=\"document-page\" data-page=\"1\">\n<div class=\"pdf-page\">\n<div class=\"text-wrapper user-select-text\">\n<div data-canvas-width=\"336.5786666666666\">ad\u00e9quate de votre texte : je peux faire des <strong>relectures<\/strong>, <strong>modifications<\/strong> et <strong>r\u00e9\u00e9critures<\/strong> des documents d\u00e9j\u00e0 traduits par vos soins.<\/div>\n<\/div>\n<\/div>\n<\/div>\n<p>&nbsp;<\/li>\n<\/ul>\n<p><img loading=\"lazy\" decoding=\"async\" class=\"alignleft wp-image-1297 size-medium\" src=\"https:\/\/www.gruber-stahl.eu\/wp-content\/uploads\/2019\/05\/social-media-3758364_1920-300x128.jpg\" alt=\"\" width=\"300\" height=\"128\" srcset=\"https:\/\/www.gruber-stahl.eu\/wp-content\/uploads\/2019\/05\/social-media-3758364_1920-300x128.jpg 300w, https:\/\/www.gruber-stahl.eu\/wp-content\/uploads\/2019\/05\/social-media-3758364_1920-768x328.jpg 768w, https:\/\/www.gruber-stahl.eu\/wp-content\/uploads\/2019\/05\/social-media-3758364_1920-1024x437.jpg 1024w, https:\/\/www.gruber-stahl.eu\/wp-content\/uploads\/2019\/05\/social-media-3758364_1920.jpg 1920w\" sizes=\"(max-width: 300px) 100vw, 300px\" \/>En tant qu&#8216;<strong>experte en communication<\/strong> de longue date, les textes abitieux et coh\u00e9rents sont ma priorit\u00e9 absolue. M\u00eame les sujets compliqu\u00e9s, je les r\u00e9dige pour mes clients en langage compr\u00e9hensible, captivant et bien entendu en langue allemande ma\u00eetris\u00e9e, afin que votre entreprise <strong>ne se noie pas dans la masse grise<\/strong> des flots publicitaires !<\/p>\n<p>&nbsp;<\/p>\n<p style=\"text-align: left;\"><strong>Quand puis-je vous accueillir pour un entretien sans engagement ?<br \/>\n<\/strong><\/p>\n<div data-canvas-width=\"21.215999999999998\">Je vous prie de prendre rendez-vous par voie de mon <a href=\"https:\/\/www.gruber-stahl.eu\/?page_id=589\"><strong>formulaire de contact.<\/strong><\/a><\/div>\n<p>&nbsp;<\/p>\n<p><em>Vous voulez savoir <a href=\"https:\/\/www.gruber-stahl.eu\/?page_id=1473\"><strong>\u00e0 quoi<\/strong><\/a> sert une agence franco-allemande ?<\/em><br \/>\n<em>N&#8217;h\u00e9sitez pas \u00e0 me <strong><a href=\"https:\/\/www.gruber-stahl.eu\/?page_id=589\">contacter <\/a><\/strong>et venez d\u00e9couvrir plus d&#8217;id\u00e9es visant la communication sur mon <strong><a href=\"https:\/\/www.gruber-stahl.eu\/?cat=44\">blog <\/a><\/strong>!<\/em><\/p>\n<p>&nbsp;<\/p>\n<p>&nbsp;<\/p>\n<hr \/>\n","protected":false},"excerpt":{"rendered":"<p>Votre activit\u00e9 doit \u00eatre pr\u00e9sente dans les m\u00e9dias allemands mais vous ne disposez pas des comp\u00e9tences requises pour ce genre de communication ? Je serais ravie de m&#8217;en charger pour&#46;&#46;&#46;<\/p>\n","protected":false},"author":11,"featured_media":0,"parent":1473,"menu_order":0,"comment_status":"closed","ping_status":"closed","template":"","meta":{"_kadence_starter_templates_imported_post":false,"footnotes":""},"_links":{"self":[{"href":"https:\/\/www.gruber-stahl.eu\/index.php?rest_route=\/wp\/v2\/pages\/1345"}],"collection":[{"href":"https:\/\/www.gruber-stahl.eu\/index.php?rest_route=\/wp\/v2\/pages"}],"about":[{"href":"https:\/\/www.gruber-stahl.eu\/index.php?rest_route=\/wp\/v2\/types\/page"}],"author":[{"embeddable":true,"href":"https:\/\/www.gruber-stahl.eu\/index.php?rest_route=\/wp\/v2\/users\/11"}],"replies":[{"embeddable":true,"href":"https:\/\/www.gruber-stahl.eu\/index.php?rest_route=%2Fwp%2Fv2%2Fcomments&post=1345"}],"version-history":[{"count":41,"href":"https:\/\/www.gruber-stahl.eu\/index.php?rest_route=\/wp\/v2\/pages\/1345\/revisions"}],"predecessor-version":[{"id":2632,"href":"https:\/\/www.gruber-stahl.eu\/index.php?rest_route=\/wp\/v2\/pages\/1345\/revisions\/2632"}],"up":[{"embeddable":true,"href":"https:\/\/www.gruber-stahl.eu\/index.php?rest_route=\/wp\/v2\/pages\/1473"}],"wp:attachment":[{"href":"https:\/\/www.gruber-stahl.eu\/index.php?rest_route=%2Fwp%2Fv2%2Fmedia&parent=1345"}],"curies":[{"name":"wp","href":"https:\/\/api.w.org\/{rel}","templated":true}]}}